?
-1110100100111
In base 4, what is -11032 - -22?
-11010
In base 16, what is -813 - 2e?
-841
In base 15, what is -d5a - -24?
-d36
In base 3, what is 10 - 1101101211212?
-1101101211202
In base 6, what is -1153 + -13?
-1210
In base 6, what is -1114 - -33353?
32235
In base 14, what is -3 + -645a?
-645d
In base 8, what is -114022 - 2?
-114024
In base 4, what is -102223233 + -10?
-102223303
In base 14, what is 43 + 3d36?
3d79
In base 16, what is 5 - 36f31?
-36f2c
In base 8, what is 1057350 - -17?
1057367
In base 7, what is 2266 - 11360?
-6061
In base 9, what is 132772 - 3?
132768
In base 6, what is 3 + -220021?
-220014
In base 16, what is -836 + 4a?
-7ec
In base 3, what is 12 + -100010000010?
-100002222221
In base 5, what is -2 - 440011?
-440013
In base 4, what is -123012322 - -2?
-123012320
In base 14, what is -20 - 884?
-8a4
In base 4, what is -21 + -11131201?
-11131222
In base 5, what is -40 + -124320?
-124410
In base 5, what is -201304032 - 1?
-201304033
In base 4, what is 10 + 1332312120?
1332312130
In base 5, what is 20130 + 312?
20442
In base 12, what is 24 - -35?
59
In base 14, what is 10 - 7a?
-6a
In base 16, what is -14930 + 5?
-1492b
In base 10, what is -15 + 41541?
41526
In base 16, what is -43 - 80c?
-84f
In base 10, what is -304 + -566?
-870
In base 8, what is 2 - -125676?
125700
In base 12, what is -207 - -169?
-5a
In base 16, what is 0 - -1af8?
1af8
In base 8, what is -12633 + 5?
-12626
In base 8, what is 17 + -10406?
-10367
In base 3, what is 20002221 - 2012?
20000202
In base 15, what is 69a + -8?
692
In base 8, what is -766 + -171?
-1157
In base 11, what is -5 - -5366?
5361
In base 5, what is 414341 - -4?
414400
In base 16, what is 1f919 - 3?
1f916
In base 5, what is 3 - 142240120?
-142240112
In base 6, what is 53320250 + -5?
53320241
In base 3, what is 1212121220 + 122?
1212122112
In base 14, what is -223 + 2499?
2276
In base 3, what is -22012211 - -211?
-22012000
In base 15, what is 19c2 - 3e?
1983
In base 3, what is -10 - -101211011?
101211001
In base 9, what is -4 - -73376?
73372
In base 5, what is 140224 + -414?
134310
In base 10, what is 806 + 199?
1005
In base 11, what is 62963 + -4?
6295a
In base 6, what is -25145 + -1?
-25150
In base 2, what is -100 + -101001111110010?
-101001111110110
In base 7, what is 31344 - 0?
31344
In base 4, what is 1112 - -12332020?
12333132
In base 4, what is -31121 + -110?
-31231
In base 3, what is -100002 - 10012?
-110021
In base 14, what is -36 + -1b?
-53
In base 12, what is 7 - 18475?
-1846a
In base 5, what is -3 + -3231214?
-3231222
In base 8, what is 10122 + 1?
10123
In base 5, what is -310423203 + 10?
-310423143
In base 12, what is aa118 + 1?
aa119
In base 2, what is 11001 + -1110010001000?
-1110001101111
In base 3, what is -10121000 - -112?
-10120111
In base 6, what is 5 - 114202055?
-114202050
In base 10, what is -16393 - 5?
-16398
In base 3, what is 10 + -1221000210?
-1221000200
In base 12, what is 8b69 - 59?
8b10
In base 13, what is 152c5 - 9?
152b9
In base 14, what is -3b8 - -7?
-3b1
In base 13, what is -1357a - 5?
-13582
In base 11, what is 387098 + -6?
387092
In base 15, what is -1 - -962c?
962b
In base 3, what is 0 - -101102200221?
101102200221
In base 16, what is -2 - -10090?
1008e
In base 16, what is 3f - -1bff?
1c3e
In base 15, what is -5be8a + -13?
-5be9d
In base 4, what is -3230131 + -1?
-3230132
In base 5, what is -121434 - 11?
-122000
In base 11, what is 10490 + -62?
10429
In base 3, what is 1 + -20121122202?
-20121122201
In base 11, what is -5 + -328983?
-328988
In base 5, what is 413422 - 233?
413134
In base 15, what is 201 + -3945?
-3744
In base 3, what is -20 - 10122110221?
-10122111011
In base 14, what is 5dbc + -c?
5db0
In base 4, what is -21 - -32233?
32212
In base 3, what is -10220 + 11002002?
10221012
In base 12, what is -4 - 29830?
-29834
In base 7, what is 6 + 602540?
602546
In base 9, what is -1 - 1287531?
-1287532
In base 14, what is -2 - -d5a9?
d5a7
In base 12, what is -456357 - 2?
-456359
In base 8, what is -436 - 1122?
-1560
In base 13, what is -5b - 1504?
-1562
In base 5, what is -2413441 + 3?
-2413433
In base 6, what is 141222 - -5?
141231
In base 11, what is -641 + 1814?
1183
In base 16, what is -545 + -2?
-547
In base 10, what is -5 + 2224?
2219
In base 15, what is e - 20a3c?
-20a2d
In base 14, what is 15472 + 9?
1547b
In base 11, what is -2 + -15a11?
-15a13
In base 7, what is -6666516 + -4?
-6666523
In base 2, what is -100 + 1010101000001110000?
1010101000001101100
In base 9, what is 157 + 411?
568
In base 3, what is -110211 - 120022?
-1001010
In base 8, what is 152 + -121?
31
In base 15, what is -6ca3 - 3?
-6ca6
In base 12, what is -242459 - 3?
-242460
In base 9, what is 3 + -7052?
-7048
In base 13, what is 2 - -17b14?
17b16
In base 8, what is 17371 + 15?
17406
In base 14, what is -3 + -33b10?
-33b13
In base 11, what is 217 - 1879?
-1662
In base 13, what is -11 + -4823?
-4834
In base 12, what is -4 - -380a?
3806
In base 14, what is 361a - 0?
361a
In base 2, what is 1100 + 110011011011011?
110011011100111
In base 9, what is -13 - 14278?
-14302
In base 5, what is 1 - 1214011?
-1214010
In base 5, what is -1304101 - 102?
-1304203
In base 10, what is 8 - -82419?
82427
In base 12, what is -2479 - b?
-2488
In base 13, what is -14b + -27?
-175
In base 2, what is 11 + -110100011?
-110100000
In base 9, what is 76450 - 1?
76448
In base 13, what is -264 + -31?
-295
In base 9, what is -201 + -307?
-508
In base 15, what is -40b51 + -1?
-40b52
In base 4, what is -20311 + -1102?
-22013
In base 7, what is -54 + 23036?
22652
In base 9, what is -26 - -315618?
315582
In base 3, what is -1011110111 - 10?
-1011110121
In base 2, what is -111 + -100001111011001?
-100001111100000
In base 14, what is -b75 + -2?
-b77
In base 14, what is dc + -10?
cc
In base 4, what is -1201012 - 10?
-1201022
In base 8, what is -315164 + -7?
-315173
In base 7, what is -12640 + 3?
-12634
In base 14, what is 1c + 6457?
6475
In base 4, what is -20 + 2001103?
2001023
In base 12, what is 50 + 4a?
9a
In base 15, what is -3 - -361?
35d
In base 2, what is -100111010 + 111011100111?
110110101101
In base 7, what is 1 + 1505545?
1505546
In base 9, what is -5 + -1127813?
-1127818
In base 3, what is 10 - 22212011?
-22212001
In base 9, what is 651 - -226?
877
In base 12, what is -9 + 310b?
3102
In base 6, what is -2 - -23555?
23553
In base 12, what is -21b - -101?
-11a
In base 16, what is 47d6c - -4?
47d70
In base 15, what is -2e - 330?
-35e
In base 5, what is 441344443 + 3?
441400001
In base 11, what is 1 - 506069?
-506068
In base 11, what is -4 + -46a06?
-46a0a
In base 8, what is -6161 - -225?
-5734
In base 2, what is 110100 + -1101100110010?
-1101011111110
In base 5, what is 21042211 - -1?
21042212
In base 14, what is 13c5 + b5?
149a
In base 14, what is 16a + -116d?
-1003
In base 4, what is 2132021 + -332?
2131023
In base 7, what is 153604 + -4?
153600
In base 8, what is -2111711 - -1?
-2111710
In base 13, what is -14 + -7a16?
-7a2a
In base 6, what is 3 - 341053?
-341050
In base 15, what is -116 - -9ae?
898
In base 3, what is 12 - 112221201111?
-112221201022
In base 2, what is 0 - -1010001001010101?
1010001001010101
In base 14, what is -1 + -11dc5?
-11dc6
In base 13, what is bc0349 - -1?
bc034a
In base 9, what is 122 - -115?
237
In base 7, what is -3146 + 23?
-3123
In base 5, what is 0 + -2211221?
-2211221
In base 2, what is -1001 - 110110010111111000?
-110110011000000001
In base 5, what is 1141 + 1023314?
1030010
In base 4, what is -3233210 - -1003?
-3232201
In base 7, what is -11045134 - 3?
-11045140
In base 5, what is 112012 - -431?
112443
In base 10, what is 60742 - -1?
60743
In base 5, what is 130024 + -10?
130014
In base 14, what is -9772 + 0?
-9772
In base 11, what is 596a - -167?
6026
In base 9, what is -5 - 70608?
-70614
In base 5, what is -3210 + -213?
-3423
In base 14, what is 34a - -9?
355
In base 15, what is 2 + 7b6e?
7b71
In base 7, what is 1354 - -661?
2345
In base 16, what is c21 + -44?
bdd
In base 6, what is 100 + 31034?
31134
In base 11, what is 8039 + 15?
8053
In base 16, what is -10c219 - -1?
-10c218
In base 15, what is 5 - 4974?
-496e
In base 5, what is -3 - -1030321?
1030313
In base 7, what is -1663664 - -6?
-1663655
In base 12, what is 16 + 102b3?
10309
In base 2, what is -11 - 10